{"id":527,"date":"2024-01-09T22:59:36","date_gmt":"2024-01-09T21:59:36","guid":{"rendered":"https:\/\/artisticadelsol.es\/?page_id=527"},"modified":"2024-01-09T23:40:32","modified_gmt":"2024-01-09T22:40:32","slug":"cursos","status":"publish","type":"page","link":"https:\/\/artisticadelsol.es\/?page_id=527","title":{"rendered":"Cursos"},"content":{"rendered":"<style>\/*! elementor - v3.17.0 - 08-11-2023 *\/\n.elementor-heading-title{padding:0;margin:0;line-height:1}.elementor-widget-heading .elementor-heading-title[class*=elementor-size-]>a{color:inherit;font-size:inherit;line-height:inherit}.elementor-widget-heading .elementor-heading-title.elementor-size-small{font-size:15px}.elementor-widget-heading .elementor-heading-title.elementor-size-medium{font-size:19px}.elementor-widget-heading .elementor-heading-title.elementor-size-large{font-size:29px}.elementor-widget-heading .elementor-heading-title.elementor-size-xl{font-size:39px}.elementor-widget-heading .elementor-heading-title.elementor-size-xxl{font-size:59px}<\/style>\n<h2>PINTURA Y DIBUJO<\/h2>\n<p>CURSO INFANTIL\u00a0<\/p>\n<p>\u00a1Para los peque\u00f1os artistas!&nbsp;<\/p>\n<p>En Art\u00edstica del Sol ofrecemos el curso anual de dibujo y pintura infantil donde los m\u00e1s peque\u00f1os podr\u00e1n desarrollar su lado m\u00e1s creativo. Desde sus preferencias, aprenderemos diferentes t\u00e9cnicas art\u00edsticas a trav\u00e9s de la realizaci\u00f3n de proyectos personales buscando potenciar el crecimiento del alumnado.&nbsp;<\/p>\n<p>Nuestros cursos infantiles cuentan con plazas limitadas con el fin de asegurar atenci\u00f3n personalizada y exclusiva para nuestros peque\u00f1os artistas. \u00bfTe vienes a pintar conmigo?<\/p>\n<p>Curso anual: de septiembre a junio.<\/p>\n<style>\/*! elementor - v3.17.0 - 08-11-2023 *\/\n.elementor-widget-image{text-align:center}.elementor-widget-image a{display:inline-block}.elementor-widget-image a img[src$=\".svg\"]{width:48px}.elementor-widget-image img{vertical-align:middle;display:inline-block}<\/style>\n<p>\t\t\t\t\t\t\t\t\t\t\t\t<img loading=\"lazy\" decoding=\"async\" width=\"750\" height=\"318\" src=\"https:\/\/artisticadelsol.es\/wp-content\/uploads\/2024\/01\/IMG_3177-1024x434.jpg\" alt=\"\" srcset=\"https:\/\/artisticadelsol.es\/wp-content\/uploads\/2024\/01\/IMG_3177-1024x434.jpg 1024w, https:\/\/artisticadelsol.es\/wp-content\/uploads\/2024\/01\/IMG_3177-300x127.jpg 300w, https:\/\/artisticadelsol.es\/wp-content\/uploads\/2024\/01\/IMG_3177-768x326.jpg 768w, https:\/\/artisticadelsol.es\/wp-content\/uploads\/2024\/01\/IMG_3177.jpg 1080w\" sizes=\"auto, (max-width: 750px) 100vw, 750px\" \/>\t\t\t\t\t\t\t\t\t\t\t\t\t\t\t<\/p>\n<p>\u00a1Descubre aqu\u00ed nuestro calendario acad\u00e9mico!<\/p>\n<p>\t\t\t\t\t\t\t\t\t\t\t\t\t\t\t<img loading=\"lazy\" decoding=\"async\" width=\"724\" height=\"1024\" src=\"https:\/\/artisticadelsol.es\/wp-content\/uploads\/2024\/01\/E7CA3D4C-F04F-4940-8BD5-3CCF44BB73C5-724x1024.png\" alt=\"\" srcset=\"https:\/\/artisticadelsol.es\/wp-content\/uploads\/2024\/01\/E7CA3D4C-F04F-4940-8BD5-3CCF44BB73C5-724x1024.png 724w, https:\/\/artisticadelsol.es\/wp-content\/uploads\/2024\/01\/E7CA3D4C-F04F-4940-8BD5-3CCF44BB73C5-212x300.png 212w, https:\/\/artisticadelsol.es\/wp-content\/uploads\/2024\/01\/E7CA3D4C-F04F-4940-8BD5-3CCF44BB73C5-768x1086.png 768w, https:\/\/artisticadelsol.es\/wp-content\/uploads\/2024\/01\/E7CA3D4C-F04F-4940-8BD5-3CCF44BB73C5-1087x1536.png 1087w, https:\/\/artisticadelsol.es\/wp-content\/uploads\/2024\/01\/E7CA3D4C-F04F-4940-8BD5-3CCF44BB73C5.png 1415w\" sizes=\"auto, (max-width: 724px) 100vw, 724px\" \/>\t\t\t\t\t\t\t\t\t\t\t\t\t\t\t<\/p>\n<p><b><br \/><\/b><\/p>\n<p><b>Consulta las plazas disponibles a trav\u00e9s de nuestro Whatsapp o llamada telef\u00f3nica.&nbsp;<\/b><\/p>\n","protected":false},"excerpt":{"rendered":"<p>PINTURA Y DIBUJO CURSO INFANTIL\u00a0 \u00a1Para los peque\u00f1os artistas!&nbsp; En Art\u00edstica del Sol ofrecemos el curso anual de dibujo y &hellip; <\/p>\n","protected":false},"author":1,"featured_media":0,"parent":0,"menu_order":0,"comment_status":"closed","ping_status":"closed","template":"","meta":{"footnotes":""},"class_list":["post-527","page","type-page","status-publish","hentry"],"_links":{"self":[{"href":"https:\/\/artisticadelsol.es\/index.php?rest_route=\/wp\/v2\/pages\/527","targetHints":{"allow":["GET"]}}],"collection":[{"href":"https:\/\/artisticadelsol.es\/index.php?rest_route=\/wp\/v2\/pages"}],"about":[{"href":"https:\/\/artisticadelsol.es\/index.php?rest_route=\/wp\/v2\/types\/page"}],"author":[{"embeddable":true,"href":"https:\/\/artisticadelsol.es\/index.php?rest_route=\/wp\/v2\/users\/1"}],"replies":[{"embeddable":true,"href":"https:\/\/artisticadelsol.es\/index.php?rest_route=%2Fwp%2Fv2%2Fcomments&post=527"}],"version-history":[{"count":5,"href":"https:\/\/artisticadelsol.es\/index.php?rest_route=\/wp\/v2\/pages\/527\/revisions"}],"predecessor-version":[{"id":538,"href":"https:\/\/artisticadelsol.es\/index.php?rest_route=\/wp\/v2\/pages\/527\/revisions\/538"}],"wp:attachment":[{"href":"https:\/\/artisticadelsol.es\/index.php?rest_route=%2Fwp%2Fv2%2Fmedia&parent=527"}],"curies":[{"name":"wp","href":"https:\/\/api.w.org\/{rel}","templated":true}]}}

<style>/*! elementor - v3.17.0 - 08-11-2023 */
.elementor-heading-title{padding:0;margin:0;line-height:1}.elementor-widget-heading .elementor-heading-title[class*=elementor-size-]>a{color:inherit;font-size:inherit;line-height:inherit}.elementor-widget-heading .elementor-heading-title.elementor-size-small{font-size:15px}.elementor-widget-heading .elementor-heading-title.elementor-size-medium{font-size:19px}.elementor-widget-heading .elementor-heading-title.elementor-size-large{font-size:29px}.elementor-widget-heading .elementor-heading-title.elementor-size-xl{font-size:39px}.elementor-widget-heading .elementor-heading-title.elementor-size-xxl{font-size:59px}</style>
<h2>PINTURA Y DIBUJO</h2>
<p>CURSO INFANTIL </p>
<p>¡Para los pequeños artistas!&nbsp;</p>
<p>En Artística del Sol ofrecemos el curso anual de dibujo y pintura infantil donde los más pequeños podrán desarrollar su lado más creativo. Desde sus preferencias, aprenderemos diferentes técnicas artísticas a través de la realización de proyectos personales buscando potenciar el crecimiento del alumnado.&nbsp;</p>
<p>Nuestros cursos infantiles cuentan con plazas limitadas con el fin de asegurar atención personalizada y exclusiva para nuestros pequeños artistas. ¿Te vienes a pintar conmigo?</p>
<p>Curso anual: de septiembre a junio.</p>
<style>/*! elementor - v3.17.0 - 08-11-2023 */
.elementor-widget-image{text-align:center}.elementor-widget-image a{display:inline-block}.elementor-widget-image a img[src$=".svg"]{width:48px}.elementor-widget-image img{vertical-align:middle;display:inline-block}</style>
<p>												<img loading="lazy" decoding="async" width="750" height="318" src="https://artisticadelsol.es/wp-content/uploads/2024/01/IMG_3177-1024x434.jpg" alt="" srcset="https://artisticadelsol.es/wp-content/uploads/2024/01/IMG_3177-1024x434.jpg 1024w, https://artisticadelsol.es/wp-content/uploads/2024/01/IMG_3177-300x127.jpg 300w, https://artisticadelsol.es/wp-content/uploads/2024/01/IMG_3177-768x326.jpg 768w, https://artisticadelsol.es/wp-content/uploads/2024/01/IMG_3177.jpg 1080w" sizes="auto, (max-width: 750px) 100vw, 750px" />															</p>
<p>¡Descubre aquí nuestro calendario académico!</p>
<p>															<img loading="lazy" decoding="async" width="724" height="1024" src="https://artisticadelsol.es/wp-content/uploads/2024/01/E7CA3D4C-F04F-4940-8BD5-3CCF44BB73C5-724x1024.png" alt="" srcset="https://artisticadelsol.es/wp-content/uploads/2024/01/E7CA3D4C-F04F-4940-8BD5-3CCF44BB73C5-724x1024.png 724w, https://artisticadelsol.es/wp-content/uploads/2024/01/E7CA3D4C-F04F-4940-8BD5-3CCF44BB73C5-212x300.png 212w, https://artisticadelsol.es/wp-content/uploads/2024/01/E7CA3D4C-F04F-4940-8BD5-3CCF44BB73C5-768x1086.png 768w, https://artisticadelsol.es/wp-content/uploads/2024/01/E7CA3D4C-F04F-4940-8BD5-3CCF44BB73C5-1087x1536.png 1087w, https://artisticadelsol.es/wp-content/uploads/2024/01/E7CA3D4C-F04F-4940-8BD5-3CCF44BB73C5.png 1415w" sizes="auto, (max-width: 724px) 100vw, 724px" />															</p>
<p><b><br /></b></p>
<p><b>Consulta las plazas disponibles a través de nuestro Whatsapp o llamada telefónica.&nbsp;</b></p>

<p>PINTURA Y DIBUJO CURSO INFANTIL  ¡Para los pequeños artistas!&nbsp; En Artística del Sol ofrecemos el curso anual de dibujo y &hellip; </p>
